*6/(-66). Let y(b) = -4*b**2 + 6*b + 13. Calculate y(p).
-5
Let x(c) = 3*c**2 + 2*c - 11*c - 2*c**2 - 8 + 2. Suppose -3*k + 0*k = -54. Let a = k + -9. Give x(a).
-6
Let v(g) = -8*g + 1. Let a be v(1). Let k(b) = -121 + 24*b**2 - 8*b + 113 + 2*b**3 - 32*b**2 - 3*b**3. What is k(a)?
-1
Let b(k) be the second derivative of 64*k + 3/2*k**2 + 1/6*k**3 + 0. Let z be 3/((-6)/4) + 9. Give b(z).
10
Let y(i) = -2*i - 26. Let w = 8631 - 8645. Determine y(w).
2
Let f(s) = -3*s - 6. Suppose 0 = 3*q - 245 + 26. Suppose 36 = -69*n + q*n. Suppose -3*o - 2*p = p + n, -3*o - 12 = 2*p. Determine f(o).
12
Let a = -131 + 157. Suppose -a = 5*x - 61. Let r(i) = i**3 - 6*i**2 - 7*i + 4. Calculate r(x).
4
Let j(m) = 6617*m - 148 - 18 - 6644*m. Calculate j(-6).
-4
Let s(r) = -3*r + 5. Let u(c) = 9*c**2 + 15*c + 84. Let d be u(-9). Let w = 684 - d. Calculate s(w).
-13
Let c(o) = 43*o + 19773 - 9771 + 223*o - 8672. What is c(-5)?
0
Let n(t) = 2*t**2 + 31*t - 17. Let b(v) = 203*v + 1608. Let l be b(-8). Give n(l).
-1
Let w(c) = -10*c - 75. Let q(y) = -14*y - 103. Let m(z) = 16*q(z) - 22*w(z). Let p(g) = -2*g**2 - g + 1. Let v be p(1). Give m(v).
10
Let w(a) = a**3 - a**2 - a + 1. Let j(v) = -3*v**3 - 7*v**2 + 4*v - 1. Let t(g) = -j(g) - 4*w(g). Let r = 18 + -13. Let f be r + 8*(-15)/(-20). Give t(f).
-3
Let d(i) = -44*i - 17. Let t be d(-1). Let g be t/(-3)*(-5)/15*-2. Let q(k) = k**2 + 5*k + 5. Calculate q(g).
11
Let d be 25/7 - ((-24)/56 - -1). Let w(j) = -12 - 3 + 5 + 2*j + d - 2. Calculate w(7).
5
Let h(j) be the first derivative of -j**4/4 + 10*j**3/3 - 5*j**2/2 - 10*j - 252197. Suppose -3*f = -5*v - 37, -5*v - 20 = -f - 1. Calculate h(f).
26
Let a(s) = s - 2. Let c be (-5 - 0) + (3 - 4). Let m be ((-4)/(-6))/(c/(-9)). Suppose 4*q - n - m = 3*q, q - 5*n = -19. Calculate a(q).
4
Let d(y) = -y**2 - 30*y + 81. Let b be d(-32). Let n(t) = 0 - 2*t - 6 + t**3 + 9*t**2 - 2*t**3 + b. Give n(9).
-7
Let q(l) = 4*l**2 + 3*l - 9. Let m(u) = -u**2 - u + 1. Let g(h) = 3*m(h) + q(h). Suppose 4*x - 20 = 187*p - 192*p, -5*x - 8 = -2*p. Give g(x).
-6
Let f(u) = -u - 1. Let t(g) = -13*g + 21. Let b(q) = -4*f(q) + t(q). Let c be b(-4). Let o(h) = -c*h + 2*h**2 - 3*h**2 - 4 + 40*h + 31*h. Calculate o(6).
20
Let p(g) = 90*g**2 + 7*g - 1 - 81*g**2 - 10*g**2. Let b = 192 - 187. What is p(b)?
9
Let k be (-3)/((-440)/32 - -16 - 3/(-4)). Let q(o) = -16*o**3 + 2*o**2 + o. Give q(k).
17
Let g(t) = -t**2 - 6*t - 15. Let a be g(-3). Let s(q) = -q**2 + 6*q - 7. What is s(a)?
-79
Let j(b) = 35*b - b + 3 - b + 2*b + 5. Calculate j(3).
113
Suppose 4*b = 3*c - 179, b - 121 = 4*c - 338. Let m = 59 - c. Let a(p) = 3 + 0*p - m*p + 2*p**2 + 10*p + p**3. Determine a(-2).
-5
Let o(l) = 3*l - 6*l + 4888013 - 36*l**3 - 4888011. Determine o(1).
-37
Suppose 3*t + 338 = -10. Let l = t + 129. Let o(k) = -k**2 + 11*k + 19. Calculate o(l).
-7
Suppose 53 = -5*u + p, 14*p - 12*p - 7 = u. Let l(q) = -3*q**3 - 33*q**2 + 2*q + 27. What is l(u)?
5
Let y be (7/(-42))/(2/8) - (-559)/(-39). Let t(q) = -2*q**2 - 29*q + 32. Determine t(y).
17
Suppose 5*j = 2805 + 1210. Suppose -2*c = -j + 821. Let y(b) = -2*b + 8. What is y(c)?
26
Suppose -119 = 49*g + 420. Let w(h) = -6*h - 57. Determine w(g).
9
Let o(f) = -45*f + 485. Let s(n) = 93*n - 971. Let l(d) = 13*o(d) + 6*s(d). What is l(18)?
-7
Let a be (1 + 1)*6/4. Let b(f) = 1602*f**2 - 799*f**2 + 144*f - 802*f**2 - 2 - 71*f - 74*f - 1. What is b(a)?
3
Let d(a) = a**3 + 15*a**2 - 36*a - 29. Let u be d(-17). Let r(k) = 19*k - u*k**2 - 12*k - 5*k**3 - 1 + 4*k**3 + 9*k**2. Calculate r(5).
9
Let x(n) be the second derivative of 2*n**3 - 31*n**2/2 + 280*n - 8. Give x(10).
89
Let r(u) be the third derivative of -u**6/360 - u**5/24 - 7*u**4/12 + u**2 + 117. Let k(t) be the second derivative of r(t). Give k(-1).
-3
Suppose -3*b - 10 = -b. Let i(v) = 3*v + 31. Let n be i(-10). Let l(r) = 6*r**2 - 6*r - 3. Let c(u) = u**2 - 1. Let j(f) = b*c(f) + n*l(f). Calculate j(5).
-3
Let v = -444 - -992. Let r(t) = -5 - 549*t + v*t + 0. Calculate r(-6).
1
Let n(d) = 28*d - 32. Let r(a) = 9*a - 10. Let u(g) = -5*n(g) + 16*r(g). Let f = -11 + -1. Let p = f - -10. Give u(p).
-8
Let f(d) = 2*d**3 + 9*d**2 + d + 10. Suppose -2*m - 25 = -238*a + 241*a, -5*m = -4*a + 5. Determine f(a).
-20
Suppose 1657 = 134*l + 585. Let r(w) = -w**3 + 8*w**2 + w + 23. What is r(l)?
31
Let y(s) be the first derivative of 6*s - 3*s**2 + 2/3*s**3 - 141. Calculate y(6).
42
Let p(z) = -3*z - 17. Let n(u) = 11*u**2 + u - 6*u**2 - 3*u**2 - 35. Let c be n(-4). Give p(c).
4
Let o(d) = -d + 4. Suppose -5*g + 8*g = j - 15, 0 = -5*j - 5*g - 25. Suppose -5*n - 2*x + 170 = 0, j*n = -n - 3*x + 21. Let f = 40 - n. Give o(f).
0
Let v(d) = 5*d - 1. Let k = -89 + 93. Let m(t) = t**3 - 5*t**2 + 6*t - 10. Let l be m(k). Determine v(l).
-11
Let o(t) = -83*t + 24 + 17 + 3*t**2 - 39 + 80*t. Suppose z - 4*x + 3*x - 4 = 0, -4*x = -5*z + 18. Determine o(z).
8
Let w(y) = -2*y**2 - 9*y - 184. Let p(u) = -u**2 - 3*u - 65. Let r(m) = 17*p(m) - 6*w(m). Determine r(-2).
-27
Let g(d) = 11*d**3 + 2*d**2 + 17*d - 28. Let r(u) = -6*u**3 - 2*u**2 + u. Let a(j) = -g(j) - 2*r(j). Calculate a(-6).
-2
Let l be (29/58)/(1/(-22)). Let j(m) = m**3 + 12*m**2 + 11*m + 9. What is j(l)?
9
Let k(f) = 4*f**3 - 15*f**2 + 2*f - 22. Let g be k(4). Let r(d) be the second derivative of -1/12*d**4 + 0 - d - 5/6*d**3 + 3/2*d**g. Determine r(-4).
7
Suppose 35 = 5*h + 5*a, -6*a + 2*a + 4 = 0. Suppose 0 = -12*c + h*c + 420. Let t = c - 63. Let w(k) = -k + 5. Give w(t).
-2
Let y(p) = 81*p**3 + 6*p**2 + 5. Let r(f) = -146*f**3 - 12*f**2 + f - 9. Let s(z) = -5*r(z) - 9*y(z). Calculate s(-7).
-14
Let f(a) = 5*a + 39. Suppose 32*w + 33*w + 585 = 0. What is f(w)?
-6
Let v = -1759 + 1752. Suppose s + 11 = 4*f, -3*s = 5*f + 1 - 19. Let j(a) = -2*a + 0*a - 9 - s + a. Determine j(v).
-3
Let q(h) be the third derivative of -6*h**2 + 1/3*h**3 + 8 + 0*h + 5/12*h**4. What is q(-2)?
-18
Suppose 0 = -32*p + 28*p + 20 - 0. Let m(i) = -i**3 + 14*i**2 - 50*i + 15. Calculate m(p).
-10
Let h(q) be the second derivative of q**5/10 - 4*q**4/3 + 13*q**3/6 + 3*q**2/2 + 4850*q. Calculate h(7).
-4
Let h be 50/3 + (-6)/(-27)*-3. Suppose 0 = -y - 3*y + h. Let r(f) be the third derivative of f**5/60 - f**4/24 + 17*f**2. Give r(y).
12
Let i(v) = -100*v - 150. Let s(y) = -9*y - 13. Let d(u) = -4*i(u) + 45*s(u). Determine d(-9).
60
Let f be ((-21)/(-36))/(4 + (-30)/8). Let q(i) be the first derivative of 7*i - f*i**3 + i**2 + 1/4*i**4 - 1. Determine q(6).
-17
Let t be (-4)/((-24)/1182) + 2. Let m = t + -183. Let j(w) = -w**3 + 16*w**2 + w - 15. Give j(m).
1
Suppose 0 = -2*n + 3*r - 15, -3*n + 582 = r + 588. Let k(a) = -2*a**3 - 15*a**2 - 31*a - 4. What is k(n)?
8
Let n(p) = -2*p**2 - 58*p + 153. Let r be n(-31). Let b(s) = -2*s**2 + 57*s + 40. What is b(r)?
11
Let x(n) = 5*n - 3. Let u(t) = -2 + 2 - 21*t + 7 + 7. Let d(g) = 2*u(g) + 9*x(g). Suppose i = 6*i - 30. What is d(i)?
19
Let k be 65/(-13) + 2 + 10. Let g(v) = 41*v - 283. Give g(k).
4
Let n(k) = 4*k + 3. Let p = 985 - 652. Let r be p/63 + 4/(-14). Suppose 3*j - 8 = j, 2 = r*b + 3*j. What is n(b)?
-5
Let t = 22 + 68. Suppose 0 = 8*p - 23*p - t. Let n(s) = -s**3 - 6*s**2 - 2*s - 8. Give n(p).
4
Suppose 106*t - 105*t = 2*m + 18, 3*m + 20 = 5*t. Let i(w) = w**3 + 9*w**2 - 12*w - 15. What is i(m)?
5
Let a(m) = 153*m**2 + 15*m + 31. Let v(g) = 100*g**2 + 10*g + 20. Let z(i) = -17*a(i) + 26*v(i). Let w(q) = 2 + 10 - 1 - q. Let f be w(5). Determine z(f).
-13
Let w(y) be the first derivative of y**4/4 - 4*y**3 + 27*y**2/2 + 2*y - 8152. Determine w(9).
2
Let k(v) be the first derivative of v**6/360 + v**5/120 - v**4/8 - 2*v**3/3 + 4*v**2 + 7. Let i(c) be the third derivative of k(c). Determine i(0).
-3
Let v(k) be the third derivative of k**5/60 + 11*k**4/12 + 9*k**3/2 - 9*k**2 - 17*k. Calculate v(-20).
-13
Let c(y) = -2*y + 9. Suppose 0 = 3*f - 8*f. Suppose -6*s + 0 = -f. Suppose -2*l + 8 = 2*n - 4*n, l + n - 8 = s. What is c(l)?
-3
Suppose 4*g - 3*n = 11, -6*g + 7 = -3*g - n. Let r(a) = 11 - 3*a**2 + 9*a - 11*a + 4*a**g + a**3 - 2*a**2. Calculate r(0).
11
Let p(n) be the second derivative of -5*n**4/24 - 31*n**2 - 30*n. Let q(g) be the first derivative of p(g). What is q(4)?
-20
Let p(t) = -3*t**2 - 35*t + 13. Let x(h) = 2*h**2 + 23*h - 9. Suppose 0 = -5*v + 25,